the highest common factor of 59149 and 2?
1
What is the highest common factor of 120 and 514980?
60
Calculate the highest common factor of 2880 and 1602.
18
What is the greatest common factor of 2550 and 1190?
170
What is the highest common divisor of 1526 and 3597?
109
What is the highest common divisor of 2256 and 128028?
564
Calculate the highest common factor of 319 and 518839.
29
What is the greatest common factor of 29820 and 213?
213
What is the highest common factor of 899619 and 14?
7
Calculate the greatest common factor of 3 and 5384.
1
Calculate the highest common factor of 13923 and 42.
21
What is the highest common factor of 79232 and 63138?
1238
Calculate the greatest common divisor of 403 and 79261.
13
Calculate the greatest common factor of 3388 and 700.
28
What is the greatest common divisor of 18 and 3283974?
18
What is the greatest common divisor of 1547 and 351611?
221
What is the greatest common divisor of 3203975 and 25?
25
What is the greatest common divisor of 201344 and 242?
242
Calculate the highest common factor of 257450 and 200.
50
What is the highest common factor of 24045 and 13969?
229
Calculate the highest common divisor of 2701284 and 4915.
983
Calculate the highest common divisor of 1746 and 14259.
291
Calculate the greatest common factor of 12811 and 61827.
557
Calculate the highest common divisor of 998869 and 153.
17
Calculate the highest common divisor of 598 and 17086654.
598
What is the highest common divisor of 1064 and 5922?
14
What is the greatest common divisor of 3192 and 15428?
532
What is the greatest common divisor of 111888 and 2220?
444
Calculate the greatest common factor of 3158440 and 120.
40
What is the highest common factor of 1343 and 7769?
17
Calculate the highest common factor of 615 and 56211.
123
What is the highest common divisor of 764 and 268?
4
What is the greatest common factor of 37 and 337921?
37
Calculate the greatest common factor of 7061859 and 1773.
1773
What is the highest common divisor of 6552 and 2424?
24
Calculate the greatest common factor of 379400 and 300.
100
Calculate the greatest common factor of 527 and 328729.
17
What is the greatest common factor of 126334 and 1582?
226
Calculate the highest common divisor of 62018 and 11.
11
Calculate the highest common divisor of 31 and 35030.
31
Calculate the greatest common divisor of 136 and 2912.
8
Calculate the highest common divisor of 37179 and 141831.
1377
Calculate the greatest common divisor of 9310 and 3626.
98
What is the highest common factor of 42360 and 2120?
40
Calculate the greatest common factor of 156 and 3298126.
26
What is the greatest common factor of 578 and 8636?
34
What is the highest common factor of 225 and 50950?
25
What is the greatest common factor of 284 and 294011?
71
What is the greatest common factor of 1463532 and 1995?
399
Calculate the greatest common divisor of 2462200 and 5.
5
What is the greatest common divisor of 5964 and 448152?
852
Calculate the highest common factor of 744084 and 396.
396
Calculate the greatest common factor of 3920 and 67130.
490
What is the highest common factor of 208 and 1245920?
208
What is the greatest common divisor of 317208 and 16?
8
Calculate the greatest common divisor of 2077 and 6107.
31
Calculate the greatest common factor of 606686 and 1304.
326
Calculate the highest common divisor of 55 and 44627.
11
Calculate the highest common factor of 460 and 388400.
20
Calculate the greatest common factor of 84 and 9420.
12
Calculate the highest common factor of 1056 and 150216.
264
What is the highest common factor of 8200 and 7257?
41
Calculate the greatest common divisor of 77 and 782243.
77
Calculate the highest common divisor of 45 and 1082010.
15
Calculate the highest common factor of 490 and 649670.
70
What is the greatest common factor of 18 and 784926?
18
Calculate the greatest common divisor of 364455 and 26.
13
What is the greatest common factor of 98 and 5242559?
49
What is the highest common factor of 54 and 72000?
18
What is the greatest common factor of 227898 and 396?
198
What is the greatest common factor of 500 and 46750?
250
What is the greatest common divisor of 2864 and 848?
16
What is the greatest common divisor of 493625 and 250?
125
What is the greatest common divisor of 1908 and 46428?
636
Calculate the greatest common factor of 66667 and 815.
163
Calculate the greatest common divisor of 215116 and 44.
44
What is the highest common divisor of 600603 and 3?
3
Calculate the greatest common factor of 5532860 and 536.
268
What is the highest common divisor of 43125 and 30912?
69
What is the greatest common factor of 16849 and 52373?
83
What is the highest common divisor of 5845 and 4690?
35
What is the highest common divisor of 708985 and 190?
95
What is the highest common divisor of 361008 and 8556?
276
What is the highest common factor of 5789686 and 74?
74
Calculate the highest common factor of 340733 and 74.
37
Calculate the greatest common divisor of 105963 and 10647.
507
Calculate the greatest common factor of 13067859 and 21.
21
Calculate the greatest common divisor of 4532 and 792.
44
Calculate the highest common divisor of 3825 and 18.
9
Calculate the highest common factor of 20904 and 1768.
104
What is the highest common factor of 17 and 158729?
17
Calculate the greatest common divisor of 2228 and 354809.
557
What is the greatest common factor of 554456 and 56?
56
Calculate the highest common divisor of 16204 and 16.
4
Calculate the highest common divisor of 1285 and 128757.
257
Calculate the highest common factor of 30 and 62670.
30
Calculate the highest common divisor of 23 and 1772242.
23
What is the greatest common divisor of 49425 and 1318?
659
What is the greatest common factor of 1096 and 56444?
548
What is the greatest common divisor of 42 and 3199?
7
Calculate the greatest common factor of 306046 and 11692.
158
Calculate the highest common factor of 23199 and 363.
33
What is the greatest common factor of 3078 and 6726?
114
Calculate the greatest common divisor of 114 and 9167462.
38
Calculate the highest common factor of 72 and 196.
4
What is the greatest common divisor of 2160 and 2442528?
432
Calculate the highest common divisor of 74635 and 110.
55
What is the greatest common factor of 2735170 and 20?
10
Calculate the greatest common divisor of 6394 and 13064.
46
What is the greatest common divisor of 5365 and 34595?
185
Calculate the greatest common factor of 196664 and 52.
52
Calculate the highest common divisor of 15 and 5574600.
15
Calculate the highest common factor of 656 and 34832.
16
What is the highest common factor of 3686 and 34162?
38
Calculate the greatest common factor of 6946 and 11476.
302
Calculate the greatest common divisor of 1946187 and 18.
9
What is the highest common factor of 852495 and 3177?
1059
Calculate the highest common factor of 44 and 130449.
11
What is the greatest common factor of 1089050 and 7576?
1894
What is the greatest common divisor of 112 and 20824?
8
What is the highest common factor of 33768 and 9240?
168
Calculate the greatest common divisor of 113290 and 10.
10
Calculate the highest common divisor of 520 and 2663180.
260
Calculate the highest common factor of 9 and 154551.
3
What is the greatest common factor of 39134 and 442?
34
Calculate the greatest common factor of 363 and 396759.
363
What is the greatest common factor of 4914 and 62478?
702
What is the highest common divisor of 412 and 169?
1
What is the highest common divisor of 69 and 40503?
69
Calculate the highest common factor of 3766 and 1260.
14
Calculate the greatest common divisor of 572 and 41418.
26
Calculate the greatest common factor of 1281 and 2793.
21
What is the highest common divisor of 112 and 2044?
28
What is the greatest common factor of 34556 and 204076?
652
Calculate the greatest common divisor of 19451 and 367.
367
What is the highest common divisor of 43452 and 126?
18
What is the greatest common divisor of 119133 and 2501?
61
What is the highest common factor of 72734 and 164?
82
Calculate the highest common factor of 29292 and 1260.
12
Calculate the greatest common factor of 104750 and 90.
10
What is the highest common factor of 1734 and 6358?
578
Calculate the greatest common factor of 